hest common divisor of 17640 and 68564?
4
What is the highest common divisor of 19542537 and 3598?
1799
What is the greatest common factor of 62 and 48958424?
62
Calculate the greatest common divisor of 752 and 626584.
8
Calculate the highest common factor of 6600 and 71369400.
600
What is the greatest common divisor of 668700877 and 361?
361
Calculate the greatest common factor of 210 and 382376463.
21
What is the greatest common factor of 1775665 and 49755?
535
Calculate the highest common factor of 2118 and 20683682.
706
What is the highest common factor of 3503 and 671491?
31
What is the highest common divisor of 7670 and 61530?
10
Calculate the highest common divisor of 3433230 and 370.
370
Calculate the highest common factor of 6072 and 187864644.
3036
Calculate the greatest common divisor of 346956 and 733410.
174
What is the highest common factor of 3828620 and 6956?
188
Calculate the highest common divisor of 214389 and 10236429.
2583
Calculate the highest common divisor of 189 and 6839868.
21
What is the greatest common factor of 588420168 and 168?
168
What is the highest common divisor of 35 and 24335570?
35
Calculate the highest common factor of 12475800 and 617700.
8700
Calculate the greatest common factor of 1664410 and 1408.
22
Calculate the greatest common factor of 3825863 and 12565.
359
What is the greatest common divisor of 2723 and 3837232?
7
Calculate the greatest common factor of 31410 and 16480.
10
What is the highest common divisor of 2138110 and 24830?
130
Calculate the highest common divisor of 13050 and 4732110.
90
What is the greatest common divisor of 1810 and 3022338?
362
Calculate the highest common divisor of 31728493 and 913.
83
Calculate the greatest common factor of 24 and 16184256.
24
Calculate the greatest common factor of 23846472 and 4680.
936
What is the highest common divisor of 13862545 and 33570?
1865
Calculate the greatest common factor of 1996974 and 378.
378
Calculate the highest common divisor of 386 and 110332889.
193
What is the highest common divisor of 4233467 and 28?
7
What is the greatest common divisor of 2673 and 2124306?
243
Calculate the highest common factor of 1232494 and 7660.
766
What is the highest common factor of 765047200 and 160?
160
Calculate the highest common factor of 122 and 21263807.
61
What is the highest common factor of 15 and 6851980?
5
What is the highest common divisor of 1632 and 25534?
34
What is the highest common factor of 20490820 and 34104?
5684
Calculate the highest common factor of 24691784 and 96174.
3562
What is the greatest common factor of 46 and 872702?
2
What is the highest common divisor of 750912780 and 1258?
1258
Calculate the greatest common factor of 48 and 2872110.
6
What is the greatest common divisor of 168 and 6641964?
84
Calculate the greatest common factor of 4602380 and 32.
4
What is the greatest common divisor of 112852 and 6732316?
356
Calculate the greatest common divisor of 2852 and 86275108.
124
Calculate the highest common divisor of 76 and 324697783.
19
Calculate the highest common factor of 81510 and 3810.
30
Calculate the highest common factor of 615160 and 20440.
280
What is the greatest common factor of 64524 and 67630208?
1132
What is the highest common divisor of 8656 and 3722?
2
Calculate the greatest common factor of 139192004 and 94.
94
Calculate the highest common divisor of 47222220 and 1265.
115
Calculate the greatest common divisor of 358022 and 5243.
749
Calculate the greatest common factor of 21779263 and 209.
209
What is the greatest common divisor of 2422274 and 22802?
1754
What is the greatest common factor of 45 and 4277899215?
45
What is the highest common divisor of 243 and 308594448?
243
Calculate the greatest common divisor of 306 and 1459830.
6
What is the highest common divisor of 2907945910 and 3106?
3106
Calculate the greatest common factor of 1674 and 58736754.
558
What is the greatest common factor of 1293681 and 75?
3
Calculate the greatest common factor of 41623 and 2568.
107
What is the highest common factor of 842 and 204880913?
421
Calculate the highest common divisor of 287 and 19920096.
287
Calculate the greatest common divisor of 1096 and 254315566.
274
What is the greatest common factor of 20 and 1370056?
4
What is the greatest common factor of 15813 and 168687813?
5271
What is the greatest common factor of 304135850 and 38?
38
Calculate the highest common divisor of 127 and 1970599.
1
Calculate the greatest common factor of 12480 and 1119963.
39
What is the greatest common factor of 312 and 5356312?
104
Calculate the highest common divisor of 1210 and 15712010.
10
Calculate the highest common factor of 1140 and 703759620.
1140
Calculate the highest common factor of 210966 and 68157087.
15069
What is the highest common divisor of 787312220 and 19960?
9980
What is the highest common factor of 21583078 and 187?
11
Calculate the highest common divisor of 12348 and 7763364.
1764
Calculate the highest common factor of 68536838 and 114.
38
What is the highest common divisor of 143 and 1199165?
11
What is the greatest common factor of 17662230 and 360?
90
What is the highest common divisor of 23113576 and 1216?
152
What is the highest common factor of 18685707 and 1212?
303
Calculate the greatest common factor of 419360445 and 15830.
7915
Calculate the greatest common factor of 205503 and 21.
3
What is the highest common factor of 2684 and 33246708?
2684
Calculate the highest common factor of 270847676 and 479.
479
Calculate the greatest common divisor of 452127 and 22711.
13
What is the highest common factor of 112420 and 62678?
154
What is the greatest common factor of 91227 and 7473?
141
Calculate the highest common factor of 124 and 4905223.
31
What is the greatest common factor of 21907060 and 24549?
1169
Calculate the highest common divisor of 4500 and 146038875.
375
What is the highest common factor of 1710 and 522299835?
855
Calculate the greatest common factor of 319950 and 40053.
237
Calculate the greatest common factor of 64108 and 1217488.
188
What is the greatest common factor of 69 and 109346439?
69
What is the greatest common factor of 5410077 and 81?
3
Calculate the highest common factor of 1918 and 15491.
7
What is the greatest common divisor of 2971254 and 624?
78
What is the highest common divisor of 5866 and 9823036?
838
What is the greatest common divisor of 229201 and 230845?
137
Calculate the highest common divisor of 11416174 and 1078.
154
What is the highest common factor of 2703120 and 1344?
336
Calculate the greatest common factor of 3292976 and 742360.
2216
Calculate the greatest common divisor of 10600701 and 2937.
267
Calculate the highest common factor of 40443536 and 7.
7
Calculate the greatest common divisor of 2086486 and 527.
31
What is the highest common divisor of 2160 and 10289520?
720
What is the highest common factor of 1681570 and 3837037?
15287
Calculate the highest common divisor of 16843968 and 20160.
576
Calculate the greatest common factor of 7410530 and 20.
10
Calculate the highest common divisor of 5364699 and 10503.
1167
What is the greatest common factor of 81520 and 223280?
80
Calculate the greatest common factor of 15903 and 2860488.
513
Calculate the greatest common divisor of 740665 and 2173.
41
What is the greatest common factor of 18605808 and 9?
9
Calculate the highest common divisor of 78739 and 20495429.
1109
What is the highest common divisor of 1452 and 5761052?
484
Calculate the greatest common divisor of 525402 and 25325750.
3434
Calculate the greatest common divisor of 4037 and 3659357.
367
What is the greatest common factor of 381639605 and 465?
155
Calculate the greatest common divisor of 974220 and 585.
195
What is the highest common factor of 15152025 and 10416?
651
What is the greatest common factor of 330309 and 617400?
3087
What is the highest common factor of 222523 and 163541?
2681
What is the greatest common factor of 25281949 and 77?
77
Calculate the highest common factor of 476896 and 5614.
14
What is the greatest common divisor of 2676309824 and 16?
16
Calculate the greatest common factor of 84217762 and 1054.
1054
What is the highest common divisor of 5389 and 71723?
17
Calculate the highest common factor of 23 and 8406646